the remainder when b is divided by 13?
12
Suppose -2*k = -g - 3*g - 14, -g = -3. What is the remainder when 51 is divided by k?
12
Suppose 0 = u - 0 - 2. Suppose -2*h + 16 = 2*c, u*c - 7*c - 2 = -h. What is the remainder when h is divided by (-3)/((-12)/(-16)) + 8?
3
Suppose -4*j - 24 = -7*j. Suppose 3*v - 4 = -2*u, -v = -3*v - 4*u - j. What is the remainder when v is divided by 2?
0
Suppose 3*q = -8*q + 429. What is the remainder when 70 is divided by q?
31
Suppose -1 = 4*v - o - 14, -4*v = 2*o - 22. Let d(s) = 3*s**2 - 5*s + 3. What is the remainder when d(v) is divided by 8?
7
What is the remainder when 43 is divided by (-92)/(-10) + 4/(-20)?
7
Let y(j) = -j**3 - 8*j**2 + 15*j + 3. Calculate the remainder when y(-10) is divided by 28.
25
Suppose p - 2 - 3 = 0. Let h(k) = -k**2 + k + 14. Calculate the remainder when h(0) is divided by p.
4
Let p be 0/(-3*6/(-9)). Suppose -2*o - 5*j + j - 10 = p, -3*o - 5 = j. What is the remainder when 26 is divided by 1 + 1/o - -14?
12
What is the remainder when 71/3 - 10/15 is divided by 8?
7
Let q(l) be the third derivative of l**6/120 + l**5/6 + 3*l**4/8 + 5*l**3/6 + 2*l**2. Calculate the remainder when 12 is divided by q(-9).
2
Let a(y) = -y**3 + 11*y**2 + 3*y - 12. Let f = 4 - 2. Suppose f*x - 30 = -p + 27, -2*p + 2*x + 126 = 0. Calculate the remainder when p is divided by a(11).
19
Suppose 0 = -5*d + d + 36. Let t = -4 + d. Calculate the remainder when 17 is divided by t.
2
Let p(z) = 2*z**3 - 2*z**2. Let r(l) = -3*l - 2. Calculate the remainder when p(3) is divided by r(-5).
10
Let d = -7 - -6. Let t = d + 11. What is the remainder when 37 is divided by t?
7
Suppose -5*r = 5*d - 860, 5*r + 476 = 2*d + d. Let u = -115 + d. Suppose -8 - u = -5*w. What is the remainder when 35 is divided by w?
11
Suppose 73*t - 76*t = -138. What is the remainder when t is divided by 16?
14
Let h = 32 + -14. What is the remainder when 51 is divided by h?
15
Suppose 85*y - 81*y - 116 = 0. Calculate the remainder when 57 is divided by y.
28
Suppose 3*l = -y + 2 + 3, 5*l = -25. What is the remainder when y is divided by 11?
9
What is the remainder when (-32)/12*(-258)/8 is divided by 29?
28
Let o(j) = -2*j. What is the remainder when 47 is divided by o(-4)?
7
Calculate the remainder when 2/(-7) + (-10)/(-21)*51 is divided by 13.
11
Let w(f) = f**3 - 4*f**2 - 7*f + 9. Let v be (-1)/(-5) + 218/10. Let o be 4/(-22) - (-136)/v. Calculate the remainder when w(o) is divided by 20.
19
Suppose -2*l + 8 = -4*l, -2*n + 24 = -4*l. Suppose k = -3*k + 3*m + 2, 4*k - 2*m = n. Calculate the remainder when 3 is divided by k.
1
Suppose -2 - 16 = -2*l. Calculate the remainder when 51 is divided by l.
6
Suppose f + 5 = 2*f, 5*m + 2*f - 240 = 0. What is the remainder when m is divided by 16?
14
Let w = 196 - 81. Calculate the remainder when w is divided by 29.
28
Suppose -94 = -5*p + 2*o - 5*o, 3*p - 2*o - 45 = 0. What is the remainder when p is divided by 3?
2
Let w be (14/(-8))/((-4)/48). Suppose -4*a + 0*b + 4*b = -24, a = -2*b + w. Calculate the remainder when 20 is divided by a.
9
Suppose 12*x = -x + 65. What is the remainder when 2/3 + (-34)/(-3) is divided by x?
2
Suppose 33 = -3*n + 114. What is the remainder when 105 is divided by n?
24
What is the remainder when 107 is divided by (-3)/(107/22 + -5)?
19
Let r(c) = -6*c - 12. Suppose 2*o - 10 = -2*m, -o + 2 = -3*o + 4*m. What is the remainder when r(-4) is divided by o?
0
Suppose 5*c - 5*x + 2*x = 24, 3*c + 4*x = -3. Suppose c*o = -3*v + 105, 6*o - v = 2*o + 150. Let d = 36 - 23. Calculate the remainder when o is divided by d.
11
Suppose 2 = -i, 2*p - 26 = -i + 2*i. Let n = -136 - -158. Calculate the remainder when n is divided by p.
10
Let m(p) = -p**3 - 3*p**2 - p + 2. What is the remainder when m(-4) is divided by 6?
4
Let h(o) = o**3 - 2*o**2 + 4. What is the remainder when 6 is divided by h(2)?
2
Let i(u) = -28*u**2 - 12*u. Let q(w) = -w. Let t(h) = -i(h) + 12*q(h). What is the remainder when t(1) is divided by (-1)/(-2) + (-87)/(-6)?
13
Suppose n - 4*o - 5 = 9, 0 = 5*n - 3*o - 155. Calculate the remainder when n is divided by 12.
10
Let t(z) = z**2 + 8*z + 11. What is the remainder when 10 is divided by t(-7)?
2
Suppose -4*y = -0*y - 92. What is the remainder when y is divided by 13?
10
Suppose -d + 24 = -76. Suppose 0 = -2*o - 0*o + d. What is the remainder when o is divided by 13?
11
Let t = 83 - 68. Calculate the remainder when t is divided by 1/((1/(-9))/(-1)).
6
Suppose -2*o + 96 = 3*j, 0 = -4*o + 5*o + 3*j - 48. Calculate the remainder when 91 is divided by o.
43
Suppose 5*z = -0*z. Suppose z = l + 2*l - 141. What is the remainder when l is divided by 12?
11
Suppose -6*c = -5*c - 20. What is the remainder when c is divided by 7?
6
Let n = -25 - -49. Let y = n - 11. Calculate the remainder when y is divided by 7.
6
Let d(z) = -9*z - 1. Suppose 4*i + 0*i = 88. What is the remainder when i is divided by d(-1)?
6
Let j = -8 - -23. Calculate the remainder when 118 is divided by j.
13
Let y = -7 - -22. Let o be 32/(-6) + (-10)/y. Let v = o + 17. Calculate the remainder when 31 is divided by v.
9
Suppose 508 = -5*y - 302. Calculate the remainder when (-20)/(-15)*y/(-4) is divided by 14.
12
Let n(m) = -m**2 + 12*m - 15. Calculate the remainder when n(7) is divided by 12.
8
Suppose -4*s + 10 + 2 = 0. Suppose -s*o + 82 = 3*x + o, 0 = x - o - 32. What is the remainder when x is divided by 11?
8
Let p(m) = m**2 + m. Let y be p(0). Suppose y*x = -5*x. Calculate the remainder when (1 - x) + 1 - -34 is divided by 19.
17
Let t be (4/8)/(1/6). Let f = 1 + t. Calculate the remainder when 6 is divided by f.
2
Suppose -24 = -8*r + 4*r. Calculate the remainder when r is divided by 2.
0
Let v(r) = 16*r - 9. Let y be v(12). Suppose y = 3*p + 2*p - 4*m, 3*p + 4*m - 97 = 0. Calculate the remainder when p is divided by 9.
8
Suppose -5*b = -5 - 20. Suppose 0 = 3*v + b*y - 1 - 47, 0 = 4*y - 12. Calculate the remainder when 19 is divided by v.
8
Suppose 3 = -b + 1. Let t(u) = -6*u**3 - u**2. What is the remainder when (-129)/(-15) - b/5 is divided by t(-1)?
4
Let z = 80 + -28. Suppose l = p - 23, -5*p + 3*l = 4*l - 85. What is the remainder when z is divided by p?
16
Let c(d) = -d**2 + 7*d - 7. Let m be c(5). Let b(y) = y**3 + 7*y**2 + y + 7. Calculate the remainder when b(-5) is divided by (m/(-3)*-18)/1.
16
Suppose -5*o = -4*p - 194, 5*p - 15 - 5 = 0. Calculate the remainder when 122 is divided by o.
38
Let h(y) = y. Suppose 2 = u + 3. Let m(c) = 10*c + 7. Let j(v) = u*m(v) + 4*h(v). Calculate the remainder when j(-8) is divided by 14.
13
Let y(l) = l. Let t be y(3). Suppose 3*v - 3*x - 115 = 11, -t*x = -4*v + 169. Calculate the remainder when v is divided by 15.
13
Suppose 5*x + 75 = 5*t, -2*x = -3*x - 5. Calculate the remainder when 28 is divided by t.
8
Suppose 0 = -5*y - 2*a + 241, 0 = 2*y + 4*a + 23 - 113. Let l(c) = 2*c**2 + 4 + 0*c - 6 + 2*c + 5*c. Calculate the remainder when y is divided by l(-5).
10
Suppose -2*g - 84 = -0*g. Let u = g + 101. Suppose -5*f - 4*k = -k - 112, -2*f + 3*k + 28 = 0. What is the remainder when u is divided by f?
19
Let u(q) = 2*q + 1. What is the remainder when u(5) is divided by 6?
5
What is the remainder when 113 is divided by -3 - 2 - (-9 - 9)?
9
Let c = 44 + -38. Let t(r) = -14*r**3 - r**2 - 3 + r + 4 + 2*r**2. What is the remainder when t(-1) is divided by c?
3
Let w(c) = 60*c**2 + c - 1. Let n be w(-2). Suppose 4*g = 2*a - 85 + n, -3*g + 109 = a. Calculate the remainder when g is divided by 19.
18
Let x(d) = 19*d - 2. Let s be x(-4). Let g = s - -115. Calculate the remainder when g is divided by 10.
7
Let b = 6 - 6. Suppose 4*z - w - 119 = b, -2*z + 10 + 48 = -2*w. Calculate the remainder when z is divided by 11.
8
Suppose 2*d = -3*d + 115. Suppose -8*o + 64 = -4*o. Calculate the remainder when d is divided by 4/o + (-47)/(-4).
11
Let y = -30 - -56. What is the remainder when y is divided by 9?
8
Suppose 309 = -v + 4*v. Suppose 0 = -2*b - 2*b + q + 113, -4*b = q - v. What is the remainder when b is divided by 10?
7
Suppose 6*r = r - 50. Let o = r + 17. What is the remainder when o is divided by 3?
1
Let g(v) = -v**2 - 3*v + 2. Let d be g(-3). What is the remainder when (d - 1)/(3/99) is divided by 17?
16
Suppose 0 = -21*h + 15*h + 264. Calculate the rema